+ 22 + (37 - 68)
-7
What is 108 + (77 - (100 + 31))?
54
What is the value of (-63 - -58) + (-25 - 1) + (69 - 64)?
-26
What is the value of 54 + 5 + (-120 - -23)?
-38
Evaluate -3 + -5 + 13 + (19 - (6 + -8 + 112)).
-86
Calculate 99 - ((6 - -113) + -49).
29
What is 109 + -48 + 1 + (4 - 35)?
31
Evaluate (133 - -1) + (-22732 - -22674).
76
What is the value of (-30 - (-17 - -35) - -13) + -8?
-43
Calculate 2 + (68 - 9) - (50 + -88).
99
What is the value of 16 + 49 + -39 + -48?
-22
-1 + -28 + (-84 - -29 - (-93 - -34))
-25
What is 36 - 90 - (-68 - -7)?
7
What is the value of 57 - ((30 - 28) + -34 - -13)?
76
What is (34 - 6) + -10 - (-7 + 3 - -2) - -9?
29
Calculate 12 + 82 + -31 - 50.
13
What is 3 - (-53 + -12) - 127?
-59
Evaluate -9 - ((14 - -14 - 21) + -81).
65
Evaluate (211 - 94) + (-46 - -8).
79
6 - (-194 + 127 + (4 - (-6 + 9 + -2)))
70
Evaluate 297 + -301 + (2 - 10) + 98.
86
-5 + (14 - -3 - -2) + (-1 - -32)
45
68 + -18 - (-20 + 12 + (-4 - -20))
42
What is the value of 0 + -1 + (40 + 21 - 114) - -8?
-46
What is the value of -85 + (-6 - -19 - 15) + 23?
-64
-20 + 4 + 30 + -18 + (45 - -3)
44
Evaluate -12 - (-44 + (41 - 0)).
-9
(-34 - (47 - 132)) + -46
5
Evaluate -49 + -4 - (89 - 142).
0
-2 + (40 + -21 - (21 + -6))
2
What is 6 + -49 - 13 - (-1 - 4)?
-51
-71 + 66 + (-4 - 9 - 4)
-22
Evaluate -14 + (1905 - 1912 - (-6 - (-1 - -1))).
-15
What is -125 + (-17 - -1 - (43 - 78))?
-106
Evaluate -42 + -39 + 50 + 76.
45
Evaluate 68 - (65 - (35 + -8)).
30
What is ((0 - -3) + -6 - -7) + (-223 - -176)?
-43
Evaluate -10 + 16 - (-2 + -4 - -1).
11
What is -272 - -161 - (-197 + -3)?
89
What is (35 + -142 - 51) + (4 - (2 + -3) - -4)?
-149
What is the value of -156 + -3 + (-2 + 35 - 16) - (-17 - -2)?
-127
Calculate 5 - (18 + -14 + -52) - (11 - 4) - -1.
47
Calculate -2705 + 2682 - (-12 + 2).
-13
Calculate 32 - (-30 - -97) - (-5 + 0 - -15).
-45
Calculate 4 + 1 + -4 + 5 - (137 - 107).
-24
What is -39 + (-94 - -134) - (108 - -2)?
-109
What is (-6012 - -6189) + 2 + -119?
60
Evaluate 89 + (-20 - -8) + -22 - (-1 + 7).
49
What is 41 + -29 + (26 - 5 - 147)?
-114
14 + 5 + (20 - (43 - 8)) + -13
-9
-622 - -680 - (20 - -2)
36
(18 - (-26 - -44)) + 26
26
What is (28 - 57) + 4 + 54 + 1?
30
What is -8 + (11 - 4) - (-16 - -8 - 0)?
7
What is the value of (-10 - -68) + (0 - -7) - (17 - 17 - -5)?
60
What is the value of -15 - (6 + 0 - (21 - -7 - 20))?
-13
Calculate 1221 + -1223 - (-28 + 0).
26
Evaluate (-101 - -79 - -13) + (2 - (117 + 5 - 5)).
-124
(12 - (6 + -29 + 10)) + 6
31
-23 - (-11 + -18 + -16) - -15
37
(0 - 6) + (0 - -14 - (35 - 26))
-1
What is -6 + (-6 - -10) + -94 + (13 - (28 + 6))?
-117
(0 - -12) + 1 + 9 + -129 + 59 + 94
46
What is the value of 27 - 43 - -18 - ((-74 - 27) + 0 + 2)?
101
Calculate (-4 - 18) + -4 - (75 + -41 - 46).
-14
What is -111 + 17 + 72 + 100?
78
What is the value of -11 - (-6 - -4 - -12 - (25 + -78)) - 2?
-76
Evaluate 8 - -2 - (3 + (7 - (-13 - -18))).
5
What is the value of -61 - (-98 + -8 - -48)?
-3
What is the value of -23 - ((-1 - (8 + -41)) + -145 + 153)?
-63
Calculate 142 - (68 - (30 + -37)).
67
Evaluate -130 + 16 + 60 - -69.
15
What is the value of (-39 - (-54 - 42)) + -16 + -3?
38
What is -2 + (36 - (45 + -36)) + 33?
58
Evaluate 66 + (-10 - 67) + (-3 - -6 - -61).
53
What is the value of (0 - 0) + (1 - 0 - (-445 - -453))?
-7
-1 + 22 - (-10 - (-23 - -81))
89
27 - (47 + -64) - 5
39
What is the value of (-47 - (-8 - 90)) + -39?
12
What is the value of -52 + 1 + -3 - ((59 - 25) + -51)?
-37
What is -3 + 566 + -580 + 14 + -1?
-4
Calculate 55 + 88 - (116 - 29).
56
What is -15 + -21 + -12 - (30 - 56)?
-22
Evaluate (17 - ((-9 - -7) + -6 + -1)) + -7.
19
Evaluate -5480 - -5348 - (-83 - 0).
-49
Evaluate (-15 - (-1 + -2 + (-2 - -4))) + 155 + -200.
-59
Calculate -32 + -6 + -70 + 16 + 24.
-68
Evaluate -8 + (-32 - -64) - -26 - 2.
48
What is the value of -25 + 16 + -42 - ((6 - 12) + 0)?
-45
Calculate 67 + -15 + (-70 - -48) + (-3 - 1 - 1).
25
Evaluate -23 + (10 - -15) - (21 + -30).
11
Calculate (-7 - (1 - 6)) + (11 - -28) + -40.
-3
Evaluate -55 + 63 + (13 - (-4 - (-7 - 1))).
17
What is -77 - (-59 + -85 + 70)?
-3
-5 + 32 + (34 - 22) + -31
8
What is 42 + -20 + (14 - (15 + -25))?
46
(28 - (18 - 32) - 161) + 42
-77
Calculate 26 - (4 + (-12 - (-15 + 11))) - -6.
36
13 + -5 + (-7 + 9 + -6 + 92 - 8)
88
Evaluate 348 + -241 + (-83 - 7).
17
135 - (142 - 113 - -18)
88
Evaluate -72 - (-13 + -2 + -4 + 11 + (-34 - -41)).
-71
What is the value of -6 - 22 - (-147 - -161)?
-42
-12 - (0 + -8 + -82 + 96) - 84
-102
Evaluate ((23 - (21 - 8)) + -24 + 2 - -4) + -6.
-14
Calculate (-24 - (53 + -12)) + -5 + 27.
-43
What is the value of -115 - (-214 + 101) - (20 + -1)?
-21
23 - (91 + 1 + -57)
-12
Calculate 13 + -9 + -1 + 1 + 14 + (48 - -4).
70
What is -88 - (10 - 3 - (-3 - -17)) - (40 + -43)?
-78
What is 3669 + -3707 + (2 - 44)?
-80
Evaluate -6 - -12 - (67 - -1).
-62
What is the value of -91 - (39 + (16 - 74))?
-72
What is the value of 8 + -91 - -126 - (2 - -1 - -10)?
30
What is the value of (-107 - -85) + (0 - (-19 + 10 + 4))?
-17
5 - ((-8 - -31) + -26) - (17 + 0) - 16
-25
Evaluate -104 - (-278 + 157) - (5 + (0 - 1)).
13
Evaluate -23 + -7 + (-3 - 5 - -115).
77
Calculate (-9 - 0) + -6 + (4 + 19 - 4) - 75.
-71
Evaluate 1905 + -1944 + (59 - -3).
23
What is the value of -14 + (5 - -3 - -62 - (6 + -2 + 5))?
47
What is (-72 - (48 - 120)) + (-56 - 4 - -3 - 4)?
-61
(5 - 6) + -16 + (-10 - ((10 - 5) + -11))
-21
(-180 - (3 - 79)) + 113
9
What is (3 - -9) + 13 - 25 - (-39 - 0)?
39
What is (0 + 1 - 4 - (124 - 198 - -103)) + 9?
-23
What is the value of (-96 - -117) + -93 + (-3 - (-16 - -3))?
-62
Evaluate 29 + -4 + 56 + 20 + -84.
17
Evaluate (-23 + -15 - -39) + 0 + -14 - 19.
-32
What is -106 - -28 - -117 - 104?
-65
What is 194 - 143 - (15 - -94)?
-58
Calculate (-3 - 2) + (-65 - 59 - (-3 + -9)) - 1.
-118
Calculate 18 - -8 - (97 + -102).
31
5 - (-4 - -3) - (0 + (-5 - (-3 + -10)))
-2
Evaluate -61 - (-35 + -48 + -8).
30
74 + -1 + (292 - 299) + -38
28
What is 6 - (24 + -49) - (-9 + -1)?
41
What is -31 + (-40 - -52 - -13)?
-6
What is -64 + 194 + -69 - 14?
47
What is the value of 11 - (30 + (-103 - -64))?
20
What is (38 + -16 - 17) + 17 - (4 + 5 + 1)?
12
Evaluate -14 + (30 - 9) - (-83 + 95).
-5
20 - (-58 - -69) - (-3 + -81 + 3)
90
What is the value of (8 - 3 - -41) + -47?
-1
What is 19 - 10 - -22 - 21 - (3 + (2 - 0))?
5
What is the value of -35 - -9 - (75 + (-8 - -11))?
-104
What is (-100 - (-156 - -66)) + 68?
58
What is the value of 9 + (54 - 24) + -52 + 131?
118
Evaluate -2 - (56 + 1) - 1 - (24 + (-47 - -21)).
-58
What is the value of 615 - 651 - (1 + -2 + (0 - (-2 - 0)))?
-37
What is 9 - (-2 - -8 - (151 - 154) - (38 + 7))?
45
What is -110 + 0 + (-87 - -187 - 106)?
-116
What is 153 + 6 + -46 + (-1 - -27)?
139
What is (-4 - (4 - 20)) + (-5 - -6 - -10)?
23
Calculate (-2 - -4) + -7 + -96 + -22 + (46 - 32).
-109
-44 + -6 + (7 - -6 - -6)
-31
(-28 - (5 + -1) - -5) + 0 + 12
-15
Evaluate 23 + -37 + 26 - 1 - -4.
15
11 + (16 - (31 + 8) - 17)
-29
(-31 - -8 - -25) + -55
-53
Evaluate (-36 + 11 - -8 - -8) + 5 + 19 + -4.
11
(-121 - -13) + (13 - 1 - (-1334 - -1323))
-85
What is the value of (22 + -25 - -22) + -49 - 56?
-86
Calculate 164 + (42 - 30 - 8) + -15.
153
What is the value of -1 + (-14 - -1) + -12 + 7 - (1 + 0)?
-20
40 + (120 + -90 - 19)
51
Calculate (-23 - ((-29 - -11) + -11)) + 34.
40
(-135 + 139 - (1 - -1)) + 2 - 5
-1
What is 51 - ((4 + (-3 - -3) - 15) + 16)?
46
Calculate (-227 - -327) + -25 + (10 - 10).
75
What is the value of 161 + (254 - 393) - (-25 + -1)?
48
Calculate (-19 - (8 + (-71 - 13) + -7)) + 3.
67
Evaluate (-50 - -38) + 14 + -4 + -3 + 4 + 4.
3
What is 40 - (-15 + (7 - 18) + 13)?
53
Evaluate -68 - (-193 - (-28 + -46)).
51
What is the value of 12 + -1 + (17 - 13) + -6 - (50 - 1)?
-40
What is -7 + ((-6 - -15) + -10 - 5 - (-1 - 80))?
68
What is 6 - ((-32 - -17) + -1 - (-3 - 0))?
19
What is 8 + 75 + -33 + -9 + 0?
41
(0 - -4) + -21 + (49 - -8)
40
What is the value of 20 + -17 - (-34 - 11) - (3 - -6)?
39
What is (-53 - (-105 + 35)) + (-11 - 3 - 0 - -2)?
5
Evaluate (-30 - (40 - 12 - 24)) + 119.
85
What is the value of 0 + 0 + 6 + -40 + 2 + (-426 - -412)?
-46
What is the value of (-161 - -170) + (5 - 0) + (8 + 15 - 1)?
36
What is -3 + -6 - -13 - (87 - 20)?
-63
Calculate -4 - -3 - (63 + -32) - (-13 + 4) - -7.
-16
What is